ppose 8 = 3*v - 43. What is the remainder when v is divided by 7?
3
Suppose 3*q - 26 = 25. Calculate the remainder when 2/(-3) - 149/(-3) is divided by q.
15
Suppose 53 = -12*m + 16*m - 3*w, 2*w + 58 = 4*m. Suppose 2*t = 4*d + 30, 0 = 4*t + d - 0*d - 33. Calculate the remainder when m is divided by t.
8
Let r(k) = -k**3 - 8*k**2 - 9*k - 10. Calculate the remainder when 17 is divided by r(-7).
1
Suppose -n + 0*n + 4*g = -5, 0 = 5*n + 3*g - 48. Suppose 3*x = n, -55 = -3*r + x + 47. Calculate the remainder when r is divided by 12.
11
Let q(l) = -l**3 + 5*l + 1. Suppose y - 5*u - 21 = 0, 4 = -4*u - 12. What is the remainder when q(-3) is divided by -2*y - -2 - -7?
6
Calculate the remainder when ((-98)/8)/((-6)/24) is divided by 25.
24
Suppose 8*k - 4*k = 144. Let o(c) = -3*c + 1. What is the remainder when k is divided by o(-4)?
10
Let d = 2 - 2. Suppose 2*i - 4 + d = 0. What is the remainder when i is divided by 2?
0
Suppose -d = u + 4*u - 62, 4*u - 296 = -4*d. What is the remainder when d is divided by (-128)/(-5) + 4/10?
25
Let s be 275/33 - (-2)/(-6). Suppose -w = w - s. What is the remainder when w is divided by 3?
1
Suppose -40 = 4*x - 0*m + 5*m, 4*m + 31 = -3*x. Calculate the remainder when 16/x*(-10)/4 is divided by 3.
2
Let x = 10 + -7. Let t = -304 + 307. Calculate the remainder when x is divided by t.
0
Suppose 4*z - 5*d - 16 = 0, 0 = -0*d - 2*d. What is the remainder when 19 is divided by z?
3
Suppose -2*d - 63 = -5*d - 3*k, 0 = 2*k + 6. What is the remainder when (-358)/(-8) + (-17)/(-68) is divided by d?
21
What is the remainder when 37 is divided by -1*(-13)/2*2?
11
Suppose 2*p - 7*p = 325. Let z = p + 27. Let l = z - -53. What is the remainder when 28 is divided by l?
13
Suppose -6*a + 24 - 120 = 0. Let w = -11 - a. Calculate the remainder when 7 is divided by w.
2
Suppose q - 828 = -4*k - 2*q, -4*k = 2*q - 832. Suppose 2*t - 7*t = -k. Suppose t = 3*y - 3. Calculate the remainder when 44 is divided by y.
14
Let p = 4 + 33. What is the remainder when p is divided by 20?
17
Suppose -138 = -2*p + 3*v, 4*p + v - 59 = 3*p. Calculate the remainder when p is divided by 11.
8
What is the remainder when 19 is divided by (5/(-4))/(1/(-4))?
4
Suppose -1 = -j + 2*x, -x - 32 = -5*j - 0*x. What is the remainder when 25 is divided by j?
4
Suppose 3*i + 4 = 13. What is the remainder when 12 is divided by i?
0
Let w be 0*(2 - 4)/(-4). Suppose 2*z + z - 42 = w. Calculate the remainder when 40 is divided by z.
12
Let z(n) = -3*n**3 - 3*n**2 - 2*n - 3. Calculate the remainder when 50 is divided by z(-2).
11
Let n = -37 + 40. Calculate the remainder when 4 is divided by n.
1
Suppose 4*l - 9 = 3. Let h(w) = w**3 - 2*w - 2. Calculate the remainder when 75 is divided by h(l).
18
Suppose -3*t - 63 = 93. Let i = -30 - t. Suppose -a + 3*z + 9 = 0, -4*z + 2 + 62 = 5*a. Calculate the remainder when i is divided by a.
10
Suppose -139 = -2*m + 129. Suppose 4*i = -3*x + m, -6*x + 142 = -3*x - 4*i. What is the remainder when x is divided by 16?
14
Let c(o) = 2*o**2 - 8*o - 5. Let g be ((-2)/3)/(2/(-3)). What is the remainder when c(6) is divided by 10*(g + -2 + 2)?
9
Let z = 73 - 38. What is the remainder when z is divided by 18?
17
Suppose 2*k + 3 = 13. Suppose 65 = k*h - 4*h. Let v(l) = -5*l - 3. What is the remainder when h is divided by v(-5)?
21
Suppose -s - 8 = -22. What is the remainder when s is divided by 1?
0
Let l = 77 + -69. What is the remainder when 15 is divided by l?
7
Let l = 10 + 16. Calculate the remainder when l is divided by 47/7 + (0 - 6/(-21)).
5
Let y(g) = 2*g - 2. Suppose 5*l - 14 = -4. What is the remainder when (-17)/(-3) + (-2)/3 is divided by y(l)?
1
Suppose c - 1611 = -5*k - 0*k, 3*k + c - 967 = 0. What is the remainder when 79 is divided by k/12 + (-1)/(-6)?
25
What is the remainder when 95 is divided by -66*(2 + 10/(-4))?
29
Suppose 210 = i + 5*i. What is the remainder when i is divided by 19?
16
Let b be 2/((-2)/(-4) + 0). Suppose 272 = 3*o + 4*t, 0 = b*o - 5*t + t - 316. Suppose -3*q = -0*q - o. Calculate the remainder when q is divided by 10.
8
Suppose -3*j - 2*k + 57 = 0, 4*j + 0*j + 2*k = 78. What is the remainder when 60 is divided by j?
18
Let x(j) = j**3 - 9*j**2. Let h be x(9). What is the remainder when (h - 1)*1 - -40 is divided by 14?
11
Suppose 2 = -2*z - 0*z. What is the remainder when 6 is divided by 0 - (-2 + 1 + z)?
0
Let z = 59 - 46. Calculate the remainder when 76 is divided by z.
11
Suppose 0 = 4*h - 5*h + 5. Suppose h*y - 7 = 8. What is the remainder when 6 is divided by y?
0
Suppose -2 = -4*s - 14. Let q(x) = -4*x - 1. Suppose 3*d - 32 - 31 = 0. What is the remainder when d is divided by q(s)?
10
Let a(d) = 5*d**2 - 7*d. Let s be a(6). Let g(j) = -j**3 - 8*j**2 - 9*j - 10. What is the remainder when 1/(-3) - s/(-9) is divided by g(-7)?
3
Suppose n = 3*w - 11, -w - 3*n - 13 = -0. Suppose b + b - w = 0. Calculate the remainder when 3 is divided by 1*b*(2 + 0).
1
Calculate the remainder when 41 is divided by (-34)/(-4) + (-205)/(-82).
8
Suppose -3*l - 2 + 17 = 0. Let k = l - -2. What is the remainder when k is divided by 3?
1
Let f(z) = 19 + 14*z + 7 - 5 - z**2. Calculate the remainder when 28 is divided by f(15).
4
Suppose 0 = -2*y + 5*h + 494, 2*y + 5*h - 108 = 426. What is the remainder when y is divided by 13?
10
Suppose -2*a + 198 = 5*q, 4*q - 3*a + a - 162 = 0. Let l be (-26)/4*(-2)/1. Suppose 83 - l = 5*w. What is the remainder when q is divided by w?
12
Let q(a) = 4*a + 3. Let c be (54/12)/(3/4). What is the remainder when q(c) is divided by 15?
12
Let g(y) = -2*y + 3*y - 2*y**2 + 3 - 4*y + 9*y**2. Calculate the remainder when g(3) is divided by 15.
12
Let g(l) = -l**3 - 7*l**2 - 10*l + 5. What is the remainder when 85 + 1/(-2)*2 is divided by g(-6)?
26
Let f = 148 + -117. Let r(x) = -11*x + 6. Calculate the remainder when r(-5) is divided by f.
30
Let u(o) = -o**3 - 5*o**2 + 3*o - 3. Let s be u(-6). What is the remainder when 28 is divided by (1 - -1) + -2 + s?
13
Let g(m) = -m**3 + 4*m**2 + 4*m + 6. Let a be g(5). Calculate the remainder when 33 is divided by a - 1 - (-34)/2.
16
Suppose -42 = -2*a + 58. Calculate the remainder when a is divided by 17.
16
Let v = -19 - -31. Calculate the remainder when (3 + 0)*(-35)/(-3) is divided by v.
11
Suppose -g = -o + 17, 0 = 5*g - 14 - 1. Suppose -p + 7 = -5*b + 35, -23 = p - 4*b. Calculate the remainder when o is divided by (14/p)/((-4)/6).
6
Let b = 250 + -11. Suppose -5*h = -3*s - 22, 3*s - 1 = 2. Suppose h*o = -79 + b. Calculate the remainder when o is divided by 17.
15
Suppose 5*z = z + 32. Suppose 3 = c - z. What is the remainder when 31 is divided by c?
9
Let d(u) = 2*u - u**2 + 3*u**3 - u**2 - 6*u**3. Suppose -4*o + 10 = 2*q, -o - 1 = -0. Calculate the remainder when d(-2) is divided by q.
5
Let z be ((-4)/(-12))/((-2)/6). Let w be 6/3*(27 + z). Suppose -2*t + w = -60. Calculate the remainder when t is divided by 29.
27
Suppose 0 = -4*j - 19 + 79. Calculate the remainder when 28 is divided by j.
13
Suppose -7*k + 160 = -2*k. Calculate the remainder when k is divided by -1*(-22)/(-4)*-2.
10
Calculate the remainder when 64 is divided by (-2)/(14/6 + -3).
1
Let z(h) = 3*h - 5. What is the remainder when z(7) is divided by -2*(0 + 9/(-2))?
7
Let v = 37 - 22. Let j be (-3)/(1 + 2)*7. Let u = v + j. What is the remainder when 22 is divided by u?
6
Let x(a) = a - 5. Suppose -3*d + 0*d + 24 = 0. Calculate the remainder when x(19) is divided by d.
6
Let d = 30 + -10. Suppose -2*a = -d - 10. What is the remainder when 26 is divided by a?
11
Suppose c + 3*l - 5 = -l, 3*c - 15 = -5*l. Suppose h - c*h = -164. Calculate the remainder when h is divided by 14.
13
Suppose -2*z - 3 = -49. Suppose 8*h = 7*h + z. Let m = 8 - -4. What is the remainder when h is divided by m?
11
Suppose -2*o = -2*d - 26, -o + 2*d + 7 = -3. Let g be 1/((-1)/(-1))*-2. What is the remainder when o is divided by (g - -1) + -1 + 8?
4
Suppose 0 = -2*j + 4*a + 2, 6 = 2*j - 5*a + 3*a. Suppose 7 = 2*u - o, u + 2*o + 7 = -o. Calculate the remainder when j is divided by u.
1
Suppose 4*k = 10 + 18. Calculate the remainder when (1 - (-100)/(-15))*-3 is divided by k.
3
Suppose z - 2*z - u = -7, -5*u = -25. Let y = -35 + 37. What is the remainder when z is divided by y?
0
Let c = -33 + 56. Let j = c - 0.